x + x**3. Suppose 5*u - 13 = 7. Let s be u*(-8)/(-32) - 3. Give n(s).
-1
Let q(n) = -2*n**3 - 2*n**2 + 3*n + 2. Suppose 3*y + 5*c + 37 = 2*y, 4*y = -2*c - 58. Let s = -24 - y. Let l be (-24)/4 + s/(-3). Determine q(l).
4
Let u(l) be the third derivative of 1/6*l**3 - 1/30*l**5 + 2 + 43*l**2 + 0*l + 1/12*l**4. What is u(-2)?
-11
Let l(n) = 2*n**3 + 8*n**2 + 3*n**3 - 13 - 6*n**3 + 11*n. Let h = -36126 + 36135. Determine l(h).
5
Let z(h) = -h**3 - 13*h**2 - 6*h + 69. Let o(i) = 3*i**3 + 56*i**2 - 215*i + 98. Let k be o(-22). Give z(k).
-3
Suppose 0 = 2*h + 2 - 6. Let j(c) = -68*c**3 - 3*c**2 - 2*c**h - 6 - c + 67*c**3. Let d = -40 - -35. What is j(d)?
-1
Suppose -2*l - 4*s - 473 + 457 = 0, -4*l - 12 = -2*s. Let q(f) = f + 2. Calculate q(l).
-2
Let i(x) = -10*x**2 - 7*x + 2. Let p(k) be the first derivative of k**3 + k**2 - k - 178. Let o(l) = -i(l) - 3*p(l). Determine o(2).
7
Let l be -54*(10/18 + -1). Let z be (0/1)/(-2) + 0. Suppose -l = 2*m - 2*r, z*m = m + 4*r - 13. Let w(v) = 2*v - 6. Give w(m).
-20
Let m(b) = -7*b**2 + 66*b + 503. Let o(t) = 18*t**2 - 164*t - 1256. Let v(a) = -13*m(a) - 5*o(a). Calculate v(44).
5
Let v be (-2)/24*-8 + (-116)/(-6). Let l(g) = 34*g - v*g - 20*g. Calculate l(1).
-6
Let f(a) = -2*a**3 + 2*a**2 - 3*a + 3. Suppose 0 = -21*y + 23*y + 8. Let t(p) = -p**2 - 4*p + 2. Let s be t(y). Calculate f(s).
-11
Suppose q - 11 = -4*i, 2*q - 8*i + 3*i = -4. Suppose -5*c = q*m - 7*m - 6, 5*m = -4*c + 13. Let f(n) = -3 - 9*n + 6*n - 1 + c*n. Give f(-4).
0
Suppose 0 = 4*q + 2*k - 106, -147*q + 150*q - k - 67 = 0. Let h(y) = y**3 - 24*y**2 - 2*y + 40. Determine h(q).
-8
Suppose 0 = 48*j - 15 - 81. Let h(x) be the second derivative of x**4/4 - x**3/3 + x**2/2 - 6*x. Calculate h(j).
9
Suppose -163*n = 89*n - 112*n + 137*n. Let h(i) = -i**2 + 4*i - 1. Determine h(n).
-1
Let z(o) = -o**3 - o**2 + 5*o - 4. Let t(i) = 2*i**3 - 6*i + 4. Let a(v) = 2*t(v) + 3*z(v). Suppose 24*w = 7*w + 476. Suppose 7*m + 7 = w. Give a(m).
5
Let o(w) = -3*w + 0*w - 2*w - 4*w + 3*w - 15. Let v(q) = 2*q + 2. Let u(g) = -o(g) - 4*v(g). Give u(3).
1
Let v(b) = 2 - 4*b**2 + 23*b + 3*b**2 - 24*b. Let d(t) = -t**2 - 5*t + 2. Let l(h) = d(h) - 2*v(h). Determine l(4).
2
Let x = -27 + 33. Let c = x - -9. Suppose 0 = -14*f + c*f + 2. Let j(m) = 7*m - 2. Calculate j(f).
-16
Let a(y) = -5*y**3 + 7*y**2 - 3. Let w(r) = -3*r**3 + 3*r**2 - r - 1. Let s(j) = 4*a(j) - 7*w(j). Suppose h = -3*h - 24. What is s(h)?
-11
Let k(u) = -u**2 - 8*u. Suppose -2*b + 2 = 2*p, -3*b - b - p = -19. Let d(v) = -4 - 6*v + 22 + 10. Let o be d(b). Give k(o).
0
Let f be 2/(-8) + (-8)/(-32). Suppose 6*u = -f*u + 60. Let j(c) = 10 - 11*c - c**3 - 58*c**2 - 9 + 10 + 69*c**2. Calculate j(u).
1
Let y(f) = -3*f**2 - 25*f - 2. Let o(j) be the second derivative of -4/3*j**3 - 17*j + 0 - 1/2*j**2 - 1/12*j**4. Let z(r) = -7*o(r) + 2*y(r). Calculate z(-4).
-5
Let h(u) = 194112*u + 194115*u - 388216*u + 420. Give h(-39).
-9
Let i(u) = -2*u**3 - 66*u**2 - 64*u - 1. Let n(c) = -3*c**2 + 10*c + 240. Let k be n(-8). Calculate i(k).
-1
Let v(g) be the first derivative of -2*g**3/3 + 2*g - 2. Let h be 4 - (-7 + 15/5). Let d be 28/h*(-12)/21. Give v(d).
-6
Let h(t) = -t**3 - 6*t**2 + 9*t + 1. Let z(o) be the third derivative of o**5/30 - 5*o**4/3 - 49*o**3/6 - 113*o**2. Let r be z(21). Calculate h(r).
-13
Let i be 1 - (-6 - 1) - 1. Let h(n) = 31*n**2 + 6*n**3 - 2 - 36*n**2 + n - i*n**3 + 1. Calculate h(-3).
-22
Let j(u) = u**3 + 2*u**2 + 6*u + 1. Suppose -5*w = -15, 0 = -5*s - 43*w + 39*w - 8. Give j(s).
-55
Let k(r) = 45*r**2 + r. Let q = 21479 - 21480. Determine k(q).
44
Let h(c) = c**2 + 2*c - 3. Let a(j) = 3*j**2 + 4*j + 5. Let f be a(-1). Suppose 0 = f*n + 5*n + 1098. Let o = 117 + n. Determine h(o).
12
Suppose -2*m = -4*m + 24. Let l(o) = 11302 + 11377 - 22631 - 4*o. Let v be l(m). Let f(a) = a**3 - a**2 + 4. Give f(v).
4
Suppose -4*q - 3*t = -26, 5*q + t + 7 = 34. Let w(y) = -2 + y + q*y - 4*y. Give w(-2).
-6
Suppose 17*g = 19*g - 10. Let y be (g - 4)/((-2)/(-8)). Let m(d) = 3*d**2 + d. Let u(i) = i**2 + i + 1. Let f(j) = -m(j) + 2*u(j). Calculate f(y).
-10
Let k(j) = j**3 - 9*j**2 - 11*j. Let d = 251 + -106. Let w = 155 - d. Determine k(w).
-10
Let l(j) = -2*j - 5. Let d(o) = o**2 - 5*o + 5. Let u be d(5). Let t be (2/u)/((-2)/(-10)). Suppose 4*m - v = -21, 5*m + 7*v - t*v - 5 = 0. What is l(m)?
3
Let o(b) = -6*b**3 + b**2 + 5*b + 4. Let g(a) be the second derivative of -7*a**5/20 + a**4/6 + a**3 + 2*a**2 - 69*a. Let u(j) = -5*g(j) + 6*o(j). Give u(-4).
4
Let o(r) = -22*r**2 + 6*r - 16. Let w(l) = 8*l**2 - 2*l + 6. Let q(p) = -5*o(p) - 14*w(p). Suppose -2*h - 11 = 5*u, -h = 5*u - 2 + 15. Determine q(u).
-16
Let r(l) be the second derivative of l**5/20 + l**4/2 + l**3/6 + 7*l**2/2 + 4*l + 14. Let s(v) = v - 10. Let y be s(5). What is r(y)?
27
Suppose 2*q + 3 = z, -2*z - 3 = -q - 0. Let w be (49/(-42) + 1/z)*-2. Suppose -10 = -m + 4*s, s + 4 = -w*s. Let r(x) = x**2 - 4*x - 5. Calculate r(m).
7
Let g(w) be the second derivative of 59*w**5/20 + w**3/6 + w**2/2 - 1473*w. Determine g(-1).
-59
Let r be 5*((-1)/2)/(3/(-12)). Suppose 20 = r*d - 5*d. Let m(n) = -n**2 - 26 - 5*n + 13 + d*n + 7. What is m(0)?
-6
Let k(y) be the second derivative of -8*y**3/3 + 82*y**2 + 2*y - 7126. Give k(10).
4
Let u(h) be the first derivative of h**3/3 - 5*h**2 - 24*h + 2219. Determine u(13).
15
Suppose 0 = 5*w, -5*u + 20 = -w - 0*w. Let i(v) = 7*v**2 + 4*v + 11. Let p(c) = -3*c**2 - 2*c - 6. Let r(n) = 4*i(n) + 9*p(n). Calculate r(u).
-2
Let i(o) = 29*o + 32*o - 46*o. Suppose l - 11 = -13. Calculate i(l).
-30
Let s(d) be the second derivative of d**4/6 - 2*d**3/3 - 27*d**2 - d + 11. What is s(6)?
-6
Suppose -25*q - 13 + 20 = -43. Let y(d) be the third derivative of 0*d + d**q + 1/12*d**4 - 2/3*d**3 + 1/60*d**5 + 0. Determine y(-4).
4
Let l be (-4)/10 - ((-68)/(-30) - (-16 + 19)). Let o(k) be the first derivative of -20 + k + 1/2*k**2 - l*k**3. What is o(3)?
-5
Suppose -b - y - 20 = -33, 3*b + 2*y - 34 = 0. Let m(q) = -q**2 + 8*q + 3. What is m(b)?
3
Let z(f) = 71 - 135 + 68 - f + f + f. What is z(10)?
14
Let f(c) = -c**3 + 14*c**2 - 3*c + 8. Let x be -8 + (24 - (9 - (-5 + 12))). Calculate f(x).
-34
Let d be 9 + (-1 - -1) + -1. Let c(l) = 222*l**2 - 54*l - 21. Let x(h) = 121*h**2 - 29*h - 11. Let s(p) = 6*c(p) - 11*x(p). Calculate s(d).
19
Suppose 0 = 3*w - 3*x - 24, -2*x + 3*x = -4*w + 12. Suppose w*r = 319 - 307. Let o(m) be the first derivative of 3*m**2/2 + 2*m + 2. Determine o(r).
11
Let v(w) be the third derivative of -w**5/60 + w**4/8 + w**3/2 + 315*w**2. Suppose 4*m + 9 = 2*d + 29, -5*d + m - 14 = 0. Give v(d).
-7
Let f(c) = -c**3 + 7*c**2 - 4*c + 8. Let i = -128 - -73. Let d = -33 - i. Suppose -3*l = -x - d, l - 3*x - 26 = 2*x. Give f(l).
20
Let y(b) = -b**3 + 4*b**2 + b - 1. Let a = 0 - 0. Suppose 3*r - 5 - 37 = -4*d, -54 = -4*d + 3*r. Suppose -4*o + d + 4 = a. Give y(o).
3
Let a(j) = -4 - 164*j + 87*j + 54*j - 5. Let u(m) = -52*m - 18. Let k(p) = -9*a(p) + 4*u(p). Let s = 10 - 0. Determine k(s).
-1
Suppose -16 = -12*o + 4*o. Let q(v) = 13*v - 10. What is q(o)?
16
Let p(z) = -32*z - 13*z + 20 - 19*z + 223. What is p(4)?
-13
Let n(o) be the first derivative of -o**3/3 + 3*o + 777. Suppose 0 = 4*h + 7 - 31. Determine n(h).
-33
Let o(b) = 2*b**2 - 7*b + 70. Let h(y) = -y**2 + 4*y - 30. Let s(r) = -9*h(r) - 4*o(r). Give s(8).
-10
Let p(d) = 8*d**3 - 16*d**2 - 25*d + 2. Let z(x) = -11*x**3 + 17*x**2 + 26*x - 1. Let q(l) = 4*p(l) + 3*z(l). Determine q(-11).
5
Let m(d) = 5*d - 1. Let p(h) = -95 + 27 + 41 + 31 - 22*h. Let q(g) = 4*m(g) + p(g). Calculate q(-5).
10
Let q(b) be the first derivative of b**4/4 + 2*b**3 - 7*b - 2072. Calculate q(-6).
-7
Let z(o) = 7*o + 18. Let y be z(-2). Suppose 0 = i - y*k - 0*k + 3, 3*k = -5*i + 77. Let c(m) = -320*m + 329*m - i + m**2 - 2*m**2 + 2. Calculate c(8).
-3
Let s = -31104 - -31095. Let y(r) = r**3 + 6*r**2 - 22*r - 7. Calculate y(s).
-52
Let y be (8 - (-816)/(-85)) + (-12)/(-20). Let l(o) = -o**2 - 11*o - 11. Give l(y).
-1
Let s = 62798 + -62799. Let c(z) = -1 + 0 + 3*z - 10*z**2 - 4*z. What is c(s)?
-10
Suppose -4*t = -r + 55, -5*t + 0*r = 2*r + 59. Let m(b) be the third derivative of -b**5/60 - 13*b**4/24 + 2*b**3/3 + b**2 + 640*b + 5. Calculate m(t).
4
Let m = -19 + 12. Let f(l) be